{"id":600,"date":"2023-01-25T23:02:59","date_gmt":"2023-01-25T22:02:59","guid":{"rendered":"https:\/\/jhpierson-avocat.com\/?page_id=600"},"modified":"2023-05-19T15:41:17","modified_gmt":"2023-05-19T13:41:17","slug":"honoraires","status":"publish","type":"page","link":"https:\/\/jhpierson-avocat.com\/index.php\/honoraires\/","title":{"rendered":"Honoraires"},"content":{"rendered":"\n<p class=\"has-text-align-left\">Les honoraires des avocats ne sont pas r\u00e9glement\u00e9s.<\/p>\n\n\n\n<p class=\"has-text-align-left\">Il appartient donc \u00e0 l\u2019avocat et \u00e0 son client de s\u2019accorder contractuellement sur le montant des honoraires.<\/p>\n\n\n\n<p>En r\u00e8gle g\u00e9n\u00e9rale, l&rsquo;honoraire sera d\u00e9fini en fonction du temps pass\u00e9 sur le dossier sur la base d&rsquo;un taux horaire pr\u00e9cis, qui tiendra compte des difficult\u00e9s juridiques pr\u00e9visibles et de la complexit\u00e9 du dossier. Les capacit\u00e9s financi\u00e8res du client peuvent \u00e9galement \u00eatre prises en compte. <\/p>\n\n\n\n<p class=\"has-text-align-left\">Lorsque le dossier s\u2019y pr\u00eate, il sera \u00e9galement possible de fixer une fraction de l\u2019honoraire en fonction du r\u00e9sultat que vous attendez (notamment en cas de demandes d\u2019indemnit\u00e9s).<\/p>\n\n\n\n<p>Les prestations les plus simples ou qui rev\u00eatent un caract\u00e8re ponctuel peuvent toutefois faire l&rsquo;objet d&rsquo;un forfait. <\/p>\n\n\n\n<p class=\"has-text-align-left\">Comme en dispose la loi, une convention d\u2019honoraires vous sera propos\u00e9e pr\u00e9alablement \u00e0 toute prestation. Elle pr\u00e9voira une provision \u00e0 verser au moment de l\u2019accord.<br>Enfin, les frais li\u00e9s au dossier (transports, photocopies) seront recouvr\u00e9s en sus des honoraires.<\/p>\n\n\n\n<p class=\"has-text-align-left\"><strong>A titre forfaitaire, je propose les prestations suivantes&nbsp;:<\/strong><\/p>\n\n\n\n<ul class=\"wp-block-list\">\n<li>Consultation d\u2019une heure (en pr\u00e9sentiel ou en visioconf\u00e9rence)\n<ul class=\"wp-block-list\">\n<li>Particulier :   250 \u20ac<\/li>\n\n\n\n<li>Association : 200 \u20ac<\/li>\n<\/ul>\n<\/li>\n\n\n\n<li>Consultation suivie de la production d\u2019une note d\u2019analyse\n<ul class=\"wp-block-list\">\n<li>Particulier :   400 \u20ac<\/li>\n\n\n\n<li>Association : 300 \u20ac<\/li>\n<\/ul>\n<\/li>\n\n\n\n<li>Question de droit simple : 75 \u20ac (r\u00e9ponse en une page sur la r\u00e8gle de droit applicable \u00e0 une situation juridique)<\/li>\n<\/ul>\n\n\n\n<p class=\"has-small-font-size\"><strong>TVA non applicable &#8211; article 293 B du CGI<\/strong><\/p>\n","protected":false},"excerpt":{"rendered":"<p>Les honoraires des avocats ne sont pas r\u00e9glement\u00e9s. Il appartient donc \u00e0 l\u2019avocat et \u00e0 son client de s\u2019accorder contractuellement sur le montant des honoraires. En r\u00e8gle g\u00e9n\u00e9rale, l&rsquo;honoraire sera d\u00e9fini en fonction du temps pass\u00e9 sur le dossier sur la base d&rsquo;un taux horaire pr\u00e9cis, qui tiendra compte des difficult\u00e9s juridiques pr\u00e9visibles et de &#8230; <a title=\"Honoraires\" class=\"read-more\" href=\"https:\/\/jhpierson-avocat.com\/index.php\/honoraires\/\" aria-label=\"En savoir plus sur Honoraires\">Lire la suite<\/a><\/p>\n","protected":false},"author":3,"featured_media":0,"parent":0,"menu_order":0,"comment_status":"closed","ping_status":"closed","template":"","meta":{"footnotes":""},"class_list":["post-600","page","type-page","status-publish"],"yoast_head":"<!-- This site is optimized with the Yoast SEO plugin v26.8 - https:\/\/yoast.com\/product\/yoast-seo-wordpress\/ -->\n<title>Honoraires - Jean Hugues Pierson<\/title>\n<meta name=\"robots\" content=\"index, follow, max-snippet:-1, max-image-preview:large, max-video-preview:-1\" \/>\n<link rel=\"canonical\" href=\"https:\/\/jhpierson-avocat.com\/index.php\/honoraires\/\" \/>\n<meta property=\"og:locale\" content=\"fr_FR\" \/>\n<meta property=\"og:type\" content=\"article\" \/>\n<meta property=\"og:title\" content=\"Honoraires - Jean Hugues Pierson\" \/>\n<meta property=\"og:description\" content=\"Les honoraires des avocats ne sont pas r\u00e9glement\u00e9s. Il appartient donc \u00e0 l\u2019avocat et \u00e0 son client de s\u2019accorder contractuellement sur le montant des honoraires. En r\u00e8gle g\u00e9n\u00e9rale, l&rsquo;honoraire sera d\u00e9fini en fonction du temps pass\u00e9 sur le dossier sur la base d&rsquo;un taux horaire pr\u00e9cis, qui tiendra compte des difficult\u00e9s juridiques pr\u00e9visibles et de ... Lire la suite\" \/>\n<meta property=\"og:url\" content=\"https:\/\/jhpierson-avocat.com\/index.php\/honoraires\/\" \/>\n<meta property=\"og:site_name\" content=\"Jean Hugues Pierson\" \/>\n<meta property=\"article:modified_time\" content=\"2023-05-19T13:41:17+00:00\" \/>\n<meta name=\"twitter:card\" content=\"summary_large_image\" \/>\n<meta name=\"twitter:label1\" content=\"Dur\u00e9e de lecture estim\u00e9e\" \/>\n\t<meta name=\"twitter:data1\" content=\"1 minute\" \/>\n<script type=\"application\/ld+json\" class=\"yoast-schema-graph\">{\"@context\":\"https:\/\/schema.org\",\"@graph\":[{\"@type\":\"WebPage\",\"@id\":\"https:\/\/jhpierson-avocat.com\/index.php\/honoraires\/\",\"url\":\"https:\/\/jhpierson-avocat.com\/index.php\/honoraires\/\",\"name\":\"Honoraires - Jean Hugues Pierson\",\"isPartOf\":{\"@id\":\"https:\/\/jhpierson-avocat.com\/#website\"},\"datePublished\":\"2023-01-25T22:02:59+00:00\",\"dateModified\":\"2023-05-19T13:41:17+00:00\",\"breadcrumb\":{\"@id\":\"https:\/\/jhpierson-avocat.com\/index.php\/honoraires\/#breadcrumb\"},\"inLanguage\":\"fr-FR\",\"potentialAction\":[{\"@type\":\"ReadAction\",\"target\":[\"https:\/\/jhpierson-avocat.com\/index.php\/honoraires\/\"]}]},{\"@type\":\"BreadcrumbList\",\"@id\":\"https:\/\/jhpierson-avocat.com\/index.php\/honoraires\/#breadcrumb\",\"itemListElement\":[{\"@type\":\"ListItem\",\"position\":1,\"name\":\"Accueil\",\"item\":\"https:\/\/jhpierson-avocat.com\/\"},{\"@type\":\"ListItem\",\"position\":2,\"name\":\"Honoraires\"}]},{\"@type\":\"WebSite\",\"@id\":\"https:\/\/jhpierson-avocat.com\/#website\",\"url\":\"https:\/\/jhpierson-avocat.com\/\",\"name\":\"Jean Hugues Piersonjhpierson-avocat.com\",\"description\":\"Avocat au barreau de Paris\",\"publisher\":{\"@id\":\"https:\/\/jhpierson-avocat.com\/#\/schema\/person\/62781dbe11e70712f811f5ac768f1c63\"},\"potentialAction\":[{\"@type\":\"SearchAction\",\"target\":{\"@type\":\"EntryPoint\",\"urlTemplate\":\"https:\/\/jhpierson-avocat.com\/?s={search_term_string}\"},\"query-input\":{\"@type\":\"PropertyValueSpecification\",\"valueRequired\":true,\"valueName\":\"search_term_string\"}}],\"inLanguage\":\"fr-FR\"},{\"@type\":[\"Person\",\"Organization\"],\"@id\":\"https:\/\/jhpierson-avocat.com\/#\/schema\/person\/62781dbe11e70712f811f5ac768f1c63\",\"name\":\"JHPierson\",\"image\":{\"@type\":\"ImageObject\",\"inLanguage\":\"fr-FR\",\"@id\":\"https:\/\/jhpierson-avocat.com\/#\/schema\/person\/image\/\",\"url\":\"https:\/\/secure.gravatar.com\/avatar\/e3ee67eb0382221ccc7e2c92a7bc8cf84415620bc86e2fa3749cca71c3475f94?s=96&d=mm&r=g\",\"contentUrl\":\"https:\/\/secure.gravatar.com\/avatar\/e3ee67eb0382221ccc7e2c92a7bc8cf84415620bc86e2fa3749cca71c3475f94?s=96&d=mm&r=g\",\"caption\":\"JHPierson\"},\"logo\":{\"@id\":\"https:\/\/jhpierson-avocat.com\/#\/schema\/person\/image\/\"}}]}<\/script>\n<!-- \/ Yoast SEO plugin. -->","yoast_head_json":{"title":"Honoraires - Jean Hugues Pierson","robots":{"index":"index","follow":"follow","max-snippet":"max-snippet:-1","max-image-preview":"max-image-preview:large","max-video-preview":"max-video-preview:-1"},"canonical":"https:\/\/jhpierson-avocat.com\/index.php\/honoraires\/","og_locale":"fr_FR","og_type":"article","og_title":"Honoraires - Jean Hugues Pierson","og_description":"Les honoraires des avocats ne sont pas r\u00e9glement\u00e9s. Il appartient donc \u00e0 l\u2019avocat et \u00e0 son client de s\u2019accorder contractuellement sur le montant des honoraires. En r\u00e8gle g\u00e9n\u00e9rale, l&rsquo;honoraire sera d\u00e9fini en fonction du temps pass\u00e9 sur le dossier sur la base d&rsquo;un taux horaire pr\u00e9cis, qui tiendra compte des difficult\u00e9s juridiques pr\u00e9visibles et de ... Lire la suite","og_url":"https:\/\/jhpierson-avocat.com\/index.php\/honoraires\/","og_site_name":"Jean Hugues Pierson","article_modified_time":"2023-05-19T13:41:17+00:00","twitter_card":"summary_large_image","twitter_misc":{"Dur\u00e9e de lecture estim\u00e9e":"1 minute"},"schema":{"@context":"https:\/\/schema.org","@graph":[{"@type":"WebPage","@id":"https:\/\/jhpierson-avocat.com\/index.php\/honoraires\/","url":"https:\/\/jhpierson-avocat.com\/index.php\/honoraires\/","name":"Honoraires - Jean Hugues Pierson","isPartOf":{"@id":"https:\/\/jhpierson-avocat.com\/#website"},"datePublished":"2023-01-25T22:02:59+00:00","dateModified":"2023-05-19T13:41:17+00:00","breadcrumb":{"@id":"https:\/\/jhpierson-avocat.com\/index.php\/honoraires\/#breadcrumb"},"inLanguage":"fr-FR","potentialAction":[{"@type":"ReadAction","target":["https:\/\/jhpierson-avocat.com\/index.php\/honoraires\/"]}]},{"@type":"BreadcrumbList","@id":"https:\/\/jhpierson-avocat.com\/index.php\/honoraires\/#breadcrumb","itemListElement":[{"@type":"ListItem","position":1,"name":"Accueil","item":"https:\/\/jhpierson-avocat.com\/"},{"@type":"ListItem","position":2,"name":"Honoraires"}]},{"@type":"WebSite","@id":"https:\/\/jhpierson-avocat.com\/#website","url":"https:\/\/jhpierson-avocat.com\/","name":"Jean Hugues Piersonjhpierson-avocat.com","description":"Avocat au barreau de Paris","publisher":{"@id":"https:\/\/jhpierson-avocat.com\/#\/schema\/person\/62781dbe11e70712f811f5ac768f1c63"},"potentialAction":[{"@type":"SearchAction","target":{"@type":"EntryPoint","urlTemplate":"https:\/\/jhpierson-avocat.com\/?s={search_term_string}"},"query-input":{"@type":"PropertyValueSpecification","valueRequired":true,"valueName":"search_term_string"}}],"inLanguage":"fr-FR"},{"@type":["Person","Organization"],"@id":"https:\/\/jhpierson-avocat.com\/#\/schema\/person\/62781dbe11e70712f811f5ac768f1c63","name":"JHPierson","image":{"@type":"ImageObject","inLanguage":"fr-FR","@id":"https:\/\/jhpierson-avocat.com\/#\/schema\/person\/image\/","url":"https:\/\/secure.gravatar.com\/avatar\/e3ee67eb0382221ccc7e2c92a7bc8cf84415620bc86e2fa3749cca71c3475f94?s=96&d=mm&r=g","contentUrl":"https:\/\/secure.gravatar.com\/avatar\/e3ee67eb0382221ccc7e2c92a7bc8cf84415620bc86e2fa3749cca71c3475f94?s=96&d=mm&r=g","caption":"JHPierson"},"logo":{"@id":"https:\/\/jhpierson-avocat.com\/#\/schema\/person\/image\/"}}]}},"_links":{"self":[{"href":"https:\/\/jhpierson-avocat.com\/index.php\/wp-json\/wp\/v2\/pages\/600","targetHints":{"allow":["GET"]}}],"collection":[{"href":"https:\/\/jhpierson-avocat.com\/index.php\/wp-json\/wp\/v2\/pages"}],"about":[{"href":"https:\/\/jhpierson-avocat.com\/index.php\/wp-json\/wp\/v2\/types\/page"}],"author":[{"embeddable":true,"href":"https:\/\/jhpierson-avocat.com\/index.php\/wp-json\/wp\/v2\/users\/3"}],"replies":[{"embeddable":true,"href":"https:\/\/jhpierson-avocat.com\/index.php\/wp-json\/wp\/v2\/comments?post=600"}],"version-history":[{"count":5,"href":"https:\/\/jhpierson-avocat.com\/index.php\/wp-json\/wp\/v2\/pages\/600\/revisions"}],"predecessor-version":[{"id":645,"href":"https:\/\/jhpierson-avocat.com\/index.php\/wp-json\/wp\/v2\/pages\/600\/revisions\/645"}],"wp:attachment":[{"href":"https:\/\/jhpierson-avocat.com\/index.php\/wp-json\/wp\/v2\/media?parent=600"}],"curies":[{"name":"wp","href":"https:\/\/api.w.org\/{rel}","templated":true}]}}